{"id":78,"date":"2023-03-08T16:32:21","date_gmt":"2023-03-08T16:32:21","guid":{"rendered":"https:\/\/jahelse.no\/?page_id=78"},"modified":"2023-09-24T19:17:47","modified_gmt":"2023-09-24T17:17:47","slug":"livsstilsendring","status":"publish","type":"page","link":"https:\/\/jahelse.no\/index.php\/livsstilsendring\/","title":{"rendered":"Livsstilsendring"},"content":{"rendered":"\t\t<div data-elementor-type=\"wp-page\" data-elementor-id=\"78\" class=\"elementor elementor-78\">\n\t\t\t\t\t\t<section class=\"elementor-section elementor-top-section elementor-element elementor-element-dddd123 elementor-section-full_width elementor-section-height-default elementor-section-height-default\" data-id=\"dddd123\" data-element_type=\"section\">\n\t\t\t\t\t\t<div class=\"elementor-container elementor-column-gap-default\">\n\t\t\t\t\t<div class=\"elementor-column elementor-col-100 elementor-top-column elementor-element elementor-element-128e3f7a\" data-id=\"128e3f7a\" data-element_type=\"column\">\n\t\t\t<div class=\"elementor-widget-wrap elementor-element-populated\">\n\t\t\t\t\t\t<div class=\"elementor-element elementor-element-3e1ae37a elementor-widget elementor-widget-heading\" data-id=\"3e1ae37a\" data-element_type=\"widget\" data-widget_type=\"heading.default\">\n\t\t\t\t<div class=\"elementor-widget-container\">\n\t\t\t\t\t<h1 class=\"elementor-heading-title elementor-size-default\">~ Livsstilsendring ~<\/h1>\t\t\t\t<\/div>\n\t\t\t\t<\/div>\n\t\t\t\t<div class=\"elementor-element elementor-element-7e5b05f elementor-widget elementor-widget-text-editor\" data-id=\"7e5b05f\" data-element_type=\"widget\" data-widget_type=\"text-editor.default\">\n\t\t\t\t<div class=\"elementor-widget-container\">\n\t\t\t\t\t\t\t\t\t<p>Hovedfokuset er:<\/p>\n<p>Mat<\/p>\n<p>Stress<\/p>\n<p>S\u00f8vn<\/p>\n<p>Aktivitet<\/p>\n<p>Restitusjon<\/p>\n<p>Hvile<\/p>\n<p>Det \u00e5 ha konkrete m\u00e5l \u00e5 jobbe mot for \u00e5 oppn\u00e5 en \u00f8nsket endring er en motiverende faktor i livstilsendring.<\/p>\n<p>Jeg starter med en kartlegging og vil hjelpe deg til \u00e5 utvikle et individuelt tilpasset opplegg som tar utgangspunkt i dine unike styrker, utfordringer, m\u00e5l og behov. Sm\u00e5 endringer kan gj\u00f8re store forskjeller. .<\/p>\n<p><a href=\"https:\/\/ja-helse.onlinebooq.net\/\" target=\"_blank\" rel=\"noopener\">Bestill en gratis 20 min konsultasjon p\u00e5 telefon for \u00e5 vurdere om jeg kan hjelpe deg med et helseproblem, en livsstilsendring eller forebygging av helserelaterte plager etc.<\/a><\/p>\t\t\t\t\t\t\t\t<\/div>\n\t\t\t\t<\/div>\n\t\t\t\t<div class=\"elementor-element elementor-element-7712d2b elementor-widget elementor-widget-text-editor\" data-id=\"7712d2b\" data-element_type=\"widget\" data-widget_type=\"text-editor.default\">\n\t\t\t\t<div class=\"elementor-widget-container\">\n\t\t\t\t\t\t\t\t\t<p>Dette er ikke et tilbud som erstatter oppf\u00f8lging av fastlege og helsevesen.<\/p>\t\t\t\t\t\t\t\t<\/div>\n\t\t\t\t<\/div>\n\t\t\t\t\t<\/div>\n\t\t<\/div>\n\t\t\t\t\t<\/div>\n\t\t<\/section>\n\t\t\t\t<\/div>\n\t\t","protected":false},"excerpt":{"rendered":"<p>~ Livsstilsendring ~ Hovedfokuset er: Mat Stress S\u00f8vn Aktivitet Restitusjon Hvile Det \u00e5 ha konkrete m\u00e5l \u00e5 jobbe mot for \u00e5 oppn\u00e5 en \u00f8nsket endring er en motiverende faktor i livstilsendring. Jeg starter med en kartlegging og vil hjelpe deg til \u00e5 utvikle et individuelt tilpasset opplegg som tar utgangspunkt i dine unike styrker, utfordringer, [&hellip;]<\/p>\n","protected":false},"author":1,"featured_media":0,"parent":0,"menu_order":0,"comment_status":"closed","ping_status":"closed","template":"elementor_header_footer","meta":{"wprm-recipe-roundup-name":"","wprm-recipe-roundup-description":"","_themeisle_gutenberg_block_has_review":false,"iawp_total_views":91,"footnotes":""},"class_list":["post-78","page","type-page","status-publish","hentry"],"_links":{"self":[{"href":"https:\/\/jahelse.no\/index.php\/wp-json\/wp\/v2\/pages\/78","targetHints":{"allow":["GET"]}}],"collection":[{"href":"https:\/\/jahelse.no\/index.php\/wp-json\/wp\/v2\/pages"}],"about":[{"href":"https:\/\/jahelse.no\/index.php\/wp-json\/wp\/v2\/types\/page"}],"author":[{"embeddable":true,"href":"https:\/\/jahelse.no\/index.php\/wp-json\/wp\/v2\/users\/1"}],"replies":[{"embeddable":true,"href":"https:\/\/jahelse.no\/index.php\/wp-json\/wp\/v2\/comments?post=78"}],"version-history":[{"count":25,"href":"https:\/\/jahelse.no\/index.php\/wp-json\/wp\/v2\/pages\/78\/revisions"}],"predecessor-version":[{"id":490,"href":"https:\/\/jahelse.no\/index.php\/wp-json\/wp\/v2\/pages\/78\/revisions\/490"}],"wp:attachment":[{"href":"https:\/\/jahelse.no\/index.php\/wp-json\/wp\/v2\/media?parent=78"}],"curies":[{"name":"wp","href":"https:\/\/api.w.org\/{rel}","templated":true}]}}